*z + 27. Calculate b(-4).
1
Let d be (-5)/2*(-16)/40. Let l be 0/(-4)*d/(-2). Let s(r) = r - 5. Determine s(l).
-5
Let s(z) = -7*z**2 + 1. Let y(n) = n + 3. Let d be y(-7). Let v be (-2)/d*1*8. Let a = -3 + v. What is s(a)?
-6
Let s(c) = c - 1. Let h be s(2). Let q(p) = -5 + p + p**2 - p - 9*p**3 + 1. Let l(w) = -1. Let f(a) = 4*l(a) - q(a). What is f(h)?
8
Let z(r) = -3*r - 2. Let k be z(-2). Suppose f + 14 = -k*j, j - 6*j = 3*f + 14. Let h(m) = -m**2 - 5*m - 1. Give h(j).
3
Suppose 5 = 4*q - 11. Let h(z) = 2*z - 3*z - 4 + 2*z. Give h(q).
0
Let v = -9 - -14. Let w = 2 - v. Let d(p) = -2 + 3*p + 5*p**2 - 4*p**2 + 1. What is d(w)?
-1
Let n(g) = -g**2 + 7*g - 2. Let l be n(6). Let w(f) = 2*f + l*f + 2 - 1 - 3*f. Give w(2).
7
Let v(u) = -u**3 - 2*u**2 + u + u**2 + 17 - 12 - 3*u**2. Suppose -1 = -4*d + 11, 0 = 3*g + 5*d - 3. Calculate v(g).
1
Let z(q) = -q**3 - 3*q**2 - q**3 + 3*q**3 - 5*q. Let w be 9/3*(-2)/(-6). Let i = 3 + w. Determine z(i).
-4
Let l(j) = j**2 + 9*j + 16. Let f be l(-2). Let h(c) = -c + 2. Determine h(f).
0
Let k(m) = 2 + 8*m - 3*m - m. What is k(-3)?
-10
Let z(k) = 2*k**2 - k - 1. Suppose -2*c + 2*i + 9 = -3*c, 4*c = 3*i - 3. Let m = -29 + 30. Let r be (-6)/c + (m - 1). Give z(r).
5
Suppose -5*l = 2*m - 17, 0 = 4*m + 3*l - 9 - 18. Suppose m*a = a. Let g(w) = w - w - w + a. Give g(0).
0
Let w(p) be the third derivative of -p**7/840 + p**6/180 - p**5/120 + p**4/12 - p**3/2 + p**2. Let k(j) be the first derivative of w(j). What is k(3)?
-10
Let l(w) be the first derivative of w**3/3 - 3*w**2/2 - 5*w - 28. Calculate l(5).
5
Let n(q) = q**3 + 3*q**2 - 7*q - 6. Let z be -3 - (-2 - (-3 + 4)). Suppose z*w + 3*w = -5*m - 22, 5*w + 2*m = -24. Calculate n(w).
6
Suppose 3*n + 4*a - 26 = n, 0 = 2*n + a - 23. Suppose -4*k = -3*k - n. Let p(u) = -2*u - k + 4*u - 3*u. Calculate p(-5).
-6
Let g(r) be the third derivative of -r**6/120 + r**5/15 + 5*r**4/24 - 2*r**3/3 + 6*r**2. What is g(5)?
-4
Suppose 4*r - 11 = -31. Let f be (r/(-10))/(1/8). Suppose -4*n = -w - 2*w - 32, -5*w = f*n. Let a(b) = b - 7. Give a(n).
-2
Let s(d) be the third derivative of -d**4/3 - 20*d**2. Determine s(-1).
8
Suppose 2*q - 24 = 5*l, 0*l - 8 = 4*q + 4*l. Let x(u) be the third derivative of 0*u + 0*u**4 - u**q + 0 + 1/3*u**3 - 1/20*u**5. Determine x(-2).
-10
Let u = -5 - -6. Let r be 26/3 + 4/12. Let z be u/((-3)/(r/1)). Let f(c) = c. Give f(z).
-3
Suppose 0 = 5*n - 2*n - 9. Let k(r) = -64*r**2 - 3 + 64*r**2 + 4*r + r**n. Calculate k(2).
13
Suppose 5*m + 3 = -3*k - 1, -2*k = -2*m + 8. Let q(z) = z**2 + 4*z + 4. What is q(k)?
1
Let k(p) be the third derivative of p**5/60 - p**4/8 + p**2. Let u(t) = t + 5. Let x be u(-1). Calculate k(x).
4
Suppose 5*q = -5 - 15. Let m(p) = -p**3 - 4*p**2 + p - 2. Give m(q).
-6
Let w(k) = k**3 - 3*k**2 - 3*k + 1. Let g(u) = 2*u**3 - 6*u**2 - 6*u + 1. Let v(o) = -2*g(o) + 5*w(o). Let q(h) = -h**2 + h + 46. Let t be q(7). What is v(t)?
7
Let m be ((-8)/3 + 2)*-6. Let c(y) be the third derivative of 0*y + 0 - 1/8*y**4 + 1/12*y**5 - y**2 - 1/120*y**6 + 1/2*y**3. Give c(m).
7
Let i(n) = -77 + 38 - 19*n + 38. Give i(-1).
18
Let n(f) = f**3 + f**2 - f - 6. Let a = -33 + 33. What is n(a)?
-6
Suppose -4*d - 3 = -5*a + 13, 2*d + 8 = -5*a. Let v(l) = -l**2 - 6*l - 1. What is v(d)?
7
Let s be (6/(-9))/((-2)/12). Suppose -3*t - 2 = -s*t. Let j(k) = 0 + 2 + 3*k**t - 2*k**2. Give j(-3).
11
Suppose 4*n - 2*n + 24 = 0. Let b be n/(-3 + 2 + -1). Let c(z) = z**2 - 5*z. Determine c(b).
6
Let q(j) = 2*j**2 + 3*j + 1. Let z = 15 + -17. Determine q(z).
3
Let u(t) be the first derivative of 5*t**4/24 + t**3/6 + 3*t**2/2 + 5. Let s(h) be the second derivative of u(h). What is s(1)?
6
Let a(p) be the first derivative of 3*p**4/4 + p**3/3 - p**2/2 - 3. Let b be a(1). Let r be (2 + -3 - -2)*b. Let y(z) = z - 3. Determine y(r).
0
Suppose 5*p = -2*j + 35, 4*p = -2*j + 24 + 8. Let q(y) = -y**3 + 11*y**2 - 11*y + 15. Let g be q(j). Let f(l) = -l + 2. Determine f(g).
-3
Suppose -4*i + 4*s - 1 = -9, 3*i + 3*s = 0. Let h(w) be the second derivative of -5*w**3/2 + w**2/2 + 3*w. Determine h(i).
-14
Let p = 9 - 9. Suppose p = -2*s + 6*s - 20. Let u(t) = t**3 - 4*t**2 - 5*t - 1. What is u(s)?
-1
Let m = 55 - 45. Let l(n) = n**2 - 9*n + 7. Give l(m).
17
Let i(c) = c**3 - 4*c**2 + 2*c - 1. Let w be 2 + 3 + -3 + 0. Suppose w*a + 0 = 6. Suppose 5*m + a*t - 11 = 1, -5*t = -3*m + 14. Give i(m).
-4
Let r = 3 - 4. Let u be (0 + 1)*r + 3. Let j(y) = 8*y**2 + y - 2*y - 9*y**u + 1. Determine j(0).
1
Let j(a) = a**2 + 6*a + 6. Let k(b) = -b**2 - 13*b - 5. Let i be k(-13). What is j(i)?
1
Let a(l) = 19*l. Let k be 1 - (-1)/2*0/4. Calculate a(k).
19
Let j be -1 - -2 - (10 + 0). Let y = 7 + j. Let r(l) be the third derivative of -l**5/15 - l**4/8 + 5*l**2. What is r(y)?
-10
Let q(j) = -88*j - 86*j + 7 + 173*j. Calculate q(6).
1
Let z(d) be the second derivative of 0*d**3 + 0 + 1/2*d**4 - 1/2*d**2 - d. Give z(1).
5
Let k(z) = -13*z**3 + 25*z**3 - 11*z**3 + 1 + 4*z**2 + 2*z. Give k(-3).
4
Let x = 7 + -3. Suppose x*v = 2*v + 4. Let c(w) = 0*w**v + 2*w**2 - w**2 + 4*w. What is c(-5)?
5
Let i = 8 + -4. Let n(w) = w**3 - 3*w**2 - 6*w + 5. What is n(i)?
-3
Let u(p) be the second derivative of -p - 1/3*p**3 - 1/2*p**2 + 0. Suppose -j + 63 = 58. Give u(j).
-11
Let h be (1/(-2))/((-1)/(-2)). Let j(w) be the first derivative of 8*w**2 + w - 3. Let q(i) = i. Let g(a) = -j(a) + 6*q(a). Determine g(h).
9
Suppose 0*r + 3 = r. Suppose -3*a = 2*q + 21, q + 24 = -5*a + r. Let v be (-4)/q*15/(-2). Let c(m) = m**2 + 4*m - 3. Calculate c(v).
2
Let y = 391/2 + -195. Let k(f) be the second derivative of -y*f**2 + 1/3*f**3 - 1/12*f**4 + 4*f + 0. Determine k(3).
-4
Let x(s) = -s**2 - 13*s - 1. Let i be x(-13). Let g(r) be the first derivative of r**4/2 - r**3/3 + r**2/2 + r - 1. Calculate g(i).
-3
Let v(d) be the third derivative of -d**4/24 + 2*d**3/3 - 2*d**2 + 13*d. Let w(c) = 3*c**2 - 2*c - 2. Let a be w(2). Determine v(a).
-2
Let p(n) be the second derivative of 1/6*n**3 - 2*n + 0*n**2 + 0 + 1/120*n**5 + 0*n**4 + 7/360*n**6. Let g(t) be the second derivative of p(t). Give g(-1).
6
Let v(w) = 2*w - 3. Let j(u) = -u**3 + 2*u**2 + u - 1. Let r be j(3). Suppose 55 = -9*m + 4*m. Let o = m - r. Determine v(o).
-11
Suppose 18 = 3*y + 3*g, -5*y + 0 = 2*g - 18. Let l(k) = -7*k**2 + 5*k + 13. Let j(h) = 3*h**2 - 2*h - 6. Let n(w) = -9*j(w) - 4*l(w). What is n(y)?
2
Let l(z) be the first derivative of -7/2*z**2 - 2*z**3 - 1/4*z**4 - 2 - 7*z. Determine l(-5).
3
Let k(u) = u**3 - 2*u**2 + u + 1. Suppose -5*g = 5*l - 5, 0*g - 3*g - 5*l = -1. Determine k(g).
3
Let o(h) = 2*h**2 - h - 2. Let r = 55 + -53. Give o(r).
4
Let r(z) be the second derivative of -1/20*z**5 + 1/6*z**3 - 1/2*z**2 + 1/4*z**4 - 2*z + 0. Let x(u) = -3*u**3 + u + 1. Let s be x(-1). Calculate r(s).
2
Let z(o) = 4*o + 9. Let q(f) = 4*f + 8. Let c(d) = -6*q(d) + 5*z(d). Calculate c(-5).
17
Let w(m) = m**2 + 4*m + 2. Suppose -2*f = -3*a - 5, f = a - 0*f. Give w(a).
7
Let i(b) = 6 + 2 - 2*b + 7*b**2 + b - 6. Give i(2).
28
Let i(d) be the first derivative of d**3/3 - 2*d**2 - 3*d + 40. What is i(5)?
2
Let y(u) = u**3 + u - 4. Let p(a) = a**3 - 4*a**2 + 3*a - 1. Let n be p(2). Let x = n + 3. Suppose 4*o + 20 = 5*h - x*h, -25 = -2*h + 5*o. What is y(h)?
-4
Let z(w) = -w**3 - 5*w**2 + 6*w - 4. Let m be z(-6). Let k = -7 - m. Let o = -1 - k. Let x(j) = j**3 - 3*j + 2. What is x(o)?
4
Let i(j) = -j + 4. Let o(m) = m**2 - 30*m + 59. Let q be o(28). Determine i(q).
1
Let i(c) = -c**2 - 17*c + 11. Let q be i(-18). Let z(x) = x + 8. Calculate z(q).
1
Let b(t) = t**3 + 6*t**2 + 3*t + 1. Let v = -35 - -30. Give b(v).
11
Let i(m) = m**3 + 9*m**2 - 5*m - 10. Let s(g) = g**3 + 8*g**2 - 4*g - 9. Let a(y) = -4*i(y) + 5*s(y). Give a(-4).
-5
Let o(y) = y**3 - 2*y**2 + 2*y - 4. Let c = -6 - -9. Calculate o(c).
11
Let m(s) be the first derivative of -2*s**4 - s**3/3 + s**2 - s + 2. Let h be (-14)/(-18) + (-2)/(-9). What is m(h)?
-8
Suppose 2*m = 0, 0 = -3*v - 0*v + 3*m. Let x(j) = -j - 170 + 2*j - 170 + 332 - j**2. Calculate x(v).
-8
Suppose 0 = n - 2*l + 8, 6 = n + 4*l - 16. Let u(g) = -5*g**2 - 1 + 4*g**2 - n*g - 3*g. Give u(-5).
-1
Let m(d) = -22 + 9 + 0*d + 10 + d. Let q(v) = v**3 - 5*v**2 + 2*v - 5. Let s be q(5). What is m(s)?
2
Let z(r) = 3*r + 7. Suppose -4*o + 8 = 28.